{"id":411,"date":"2024-11-08T19:12:00","date_gmt":"2024-11-08T18:12:00","guid":{"rendered":"https:\/\/espaceescrime.fr\/?page_id=411"},"modified":"2024-11-30T21:41:11","modified_gmt":"2024-11-30T20:41:11","slug":"fleuret","status":"publish","type":"page","link":"https:\/\/espaceescrime.fr\/index.php\/fleuret\/","title":{"rendered":"Fleuret"},"content":{"rendered":"\n<p>Le fleuret est l\u2019une des trois armes utilis\u00e9es en escrime. C\u2019est une discipline inscrite au programme des Jeux Olympiques.<\/p>\n\n\n\n<p>Le fleuret est muni d\u2019une lame fine flexible au bout de laquelle se trouve une pointe et une garde protectrice en forme de coquille. Sa longueur maximum est de 110cm. C\u2019est une arme d\u2019estoc<\/p>\n\n\n\n<p>Les touches sont comptabilis\u00e9es par un syst\u00e8me \u00e9lectrique qui d\u00e9tecte les touches sur la veste des escrimeurs.<\/p>\n\n\n\n<p>Pour marquer un point, la touche doit \u00eatre port\u00e9e sur la partie valable du corps de l\u2019adversaire, qui le tronc, ce qui exclut les membres et la t\u00eate.<\/p>\n\n\n\n<p>Les touches simultan\u00e9es ne sont pas prises en compte, seul le fleurettiste qui a la priorit\u00e9 marque le point. L\u2019arbitre dira lequel des deux avait la \u00ab&nbsp;priorit\u00e9&nbsp;\u00bb pour pouvoir attribuer le point.<\/p>\n\n\n\n<p>En pratiquant le fleuret, on apprend \u00e0 se concentrer, \u00e0 anticiper les mouvements de l\u2019adversaire, \u00e0 r\u00e9agir rapidement et \u00e0 d\u00e9velopper sa coordination. Les entra\u00eenements incluent des exercices techniques, des combats d\u2019entra\u00eenement et des exercices de condition physique.<\/p>\n\n\n\n<p>La pratique du fleuret est accessible \u00e0 tous et \u00e0 tous les \u00e2ges, que ce soit en loisir ou en comp\u00e9tition.<\/p>\n\n\n\n<p>Les matches se disputent sur une piste d&rsquo;une longueur de 14 m\u00e8tres et une largeur qui peut varier entre 1,5m et 2m. Cette piste doit \u00eatre isol\u00e9e pour faciliter l&rsquo;arbitrage lors des touches aux pieds.<\/p>\n\n\n\n<p>A partir de la cat\u00e9gorie M15, les matches en poule durent 3 minutes et se terminent au premier qui comptabilise 5 touches. A l&rsquo;issue des matches de poules, un classement est \u00e9tabli permettant de d\u00e9finir un tableau avec matches \u00e0 \u00e9limination direct. Ces matches se jouent au meilleur des 3 fois 3 minutes, dans la limite des 15 touches. A la diff\u00e9rence de l&rsquo;\u00e9p\u00e9e il n&rsquo;existe de touche double au fleuret.<\/p>\n\n\n\n<p>Dans les cat\u00e9gories des plus jeunes, les matches en poules se jouent en 4 touches et les tableaux en 8 ou 10 touches en fonction de l&rsquo;\u00e2ge.<\/p>\n\n\n\n\n\n<p>Le fleuret est un sport qui n\u00e9cessite un \u00e9quipement sp\u00e9cifique pour garantir la s\u00e9curit\u00e9 des escrimeurs. Voici les \u00e9l\u00e9ments indispensables :<\/p>\n\n\n\n<ul class=\"wp-block-list\">\n<li>La veste d&rsquo;escrime<\/li>\n\n\n\n<li>Le masque d&rsquo;escrime<\/li>\n\n\n\n<li>Le plastron <\/li>\n\n\n\n<li>Le fleuret <\/li>\n\n\n\n<li>La cuirasse, une protection \u00e9lectrifi\u00e9e.<\/li>\n\n\n\n<li>Le pantalon d&rsquo;escrime<\/li>\n\n\n\n<li>Un gant<\/li>\n\n\n\n<li>Pour les filles un prot\u00e8ge poitrine<\/li>\n\n\n\n<li>Une paire de chaussette haute.<\/li>\n\n\n\n<li>Une paire de chaussure de sport.<\/li>\n\n\n\n<li>Un fil de corps<\/li>\n<\/ul>\n\n\n\n<p><\/p>\n\n\n\n<p><\/p>\n\n\n\n<p><\/p>\n\n\n\n<p><\/p>\n\n\n\n<p><\/p>\n\n\n\n<p><\/p>\n\n\n\n<p><\/p>\n\n\n\n<p>Source site F\u00e9d\u00e9ration Fran\u00e7aise Escrime <\/p>\n","protected":false},"excerpt":{"rendered":"<p>Le fleuret est l\u2019une des trois armes utilis\u00e9es en escrime. C\u2019est une discipline inscrite au programme des Jeux Olympiques. Le fleuret est muni d\u2019une lame fine flexible au bout de [&hellip;]<\/p>\n","protected":false},"author":1,"featured_media":433,"parent":0,"menu_order":0,"comment_status":"closed","ping_status":"closed","template":"","meta":{"saved_in_kubio":false,"_kadence_starter_templates_imported_post":false,"footnotes":""},"class_list":["post-411","page","type-page","status-publish","has-post-thumbnail","hentry"],"kubio_ai_page_context":{"short_desc":"","purpose":"general"},"_links":{"self":[{"href":"https:\/\/espaceescrime.fr\/index.php\/wp-json\/wp\/v2\/pages\/411","targetHints":{"allow":["GET"]}}],"collection":[{"href":"https:\/\/espaceescrime.fr\/index.php\/wp-json\/wp\/v2\/pages"}],"about":[{"href":"https:\/\/espaceescrime.fr\/index.php\/wp-json\/wp\/v2\/types\/page"}],"author":[{"embeddable":true,"href":"https:\/\/espaceescrime.fr\/index.php\/wp-json\/wp\/v2\/users\/1"}],"replies":[{"embeddable":true,"href":"https:\/\/espaceescrime.fr\/index.php\/wp-json\/wp\/v2\/comments?post=411"}],"version-history":[{"count":8,"href":"https:\/\/espaceescrime.fr\/index.php\/wp-json\/wp\/v2\/pages\/411\/revisions"}],"predecessor-version":[{"id":1620,"href":"https:\/\/espaceescrime.fr\/index.php\/wp-json\/wp\/v2\/pages\/411\/revisions\/1620"}],"wp:featuredmedia":[{"embeddable":true,"href":"https:\/\/espaceescrime.fr\/index.php\/wp-json\/wp\/v2\/media\/433"}],"wp:attachment":[{"href":"https:\/\/espaceescrime.fr\/index.php\/wp-json\/wp\/v2\/media?parent=411"}],"curies":[{"name":"wp","href":"https:\/\/api.w.org\/{rel}","templated":true}]}}